0. What are the prime factors of h?
2
Suppose b + 24 = 4*b. Suppose -8 - 2 = 3*f + 4*o, 2*o = -2*f - b. Let n(y) = y**2 + 3*y - 1. What are the prime factors of n(f)?
17
Let d be 2/10*-2*-15. List the prime factors of (-1113)/(-15) + d/(-30).
2, 37
Suppose -2*v + 2*c - c - 1 = 0, 0 = 5*v - 4*c + 4. Suppose v = -0*j - j - 2. What are the prime factors of j*((-34)/4 + -1)?
19
Let s = 15 - 11. Let d(b) = 3*b**2 - 2*b - 1. List the prime factors of d(s).
3, 13
Let h(a) = -3*a - 4. Let g(n) = n + 1. Let x(m) = -14*g(m) - 2*h(m). Let i be x(-3). Suppose 6*p - i = 72. List the prime factors of p.
3, 5
Suppose 4*p - 2 = g - 3, -2*g + 7 = -3*p. Suppose -f + 2*c = -g*f + 126, -25 = 5*c. What are the prime factors of f?
2, 17
Suppose -4*q = 3*o - 7231, 0 = 54*q - 52*q - 2*o - 3612. What are the prime factors of q?
13, 139
Suppose -2 - 11 = -3*r + 4*x, 5*r - 11 = -4*x. Suppose -4 = -4*i - 2*g, g - r*g - 6 = -i. Suppose i*n + 2*n - 276 = 0. List the prime factors of n.
3, 23
Let h(w) = -2*w**2 + w - 5. Let g(x) = -x + 1. Let s(r) = -6*g(r) - 2*h(r). What are the prime factors of s(5)?
2, 31
Let u(x) = -5*x + 7. Let f(a) be the second derivative of -5*a**3/6 + 4*a**2 + 5*a. Let y(w) = -5*f(w) + 4*u(w). What are the prime factors of y(11)?
43
Suppose -4*z = -2*v - 18, 3*z = 6*z - 12. Let s(u) = 9*u**3. Let p be s(v). Let y(d) = d**2 + 6*d - 2. What are the prime factors of y(p)?
5
Let k = -65 - -325. What are the prime factors of k?
2, 5, 13
Let m = -22 - -27. Suppose -3*j - j + m*p = -60, -j + 15 = -p. List the prime factors of j.
3, 5
List the prime factors of (0 - 2/1) + (-8 - -57).
47
Let q(g) = g**2 - 7*g + 4. Let o be q(6). Let r be ((-6)/(-9))/(o/15). Let a = r + 16. What are the prime factors of a?
11
Let u(w) = 686*w + 129. List the prime factors of u(3).
3
Let i = 31 + -17. Let j = -12 + i. Suppose -3*r = -8*r - 2*a + 115, -a + 45 = j*r. What are the prime factors of r?
5
List the prime factors of ((-3)/(-5))/3 - 396320/(-400).
991
Let m(k) = k**2 + k - 2. Let v be m(3). Suppose 4*u = u - 87. Let b = v - u. List the prime factors of b.
3, 13
Let g be (5/2)/(2/8). Suppose 67 = 2*f - w, 2*w = -2*f + 42 + g. List the prime factors of f.
31
Let q(k) = 2*k**2 - 25*k - 173. What are the prime factors of q(32)?
5, 43
Let g(u) = 207 + 5*u**2 + 2*u - 25*u**2 + 6*u**2 + 11*u**2. List the prime factors of g(0).
3, 23
Let i be -3*(-4)/4*1. Suppose -21 - 27 = -i*t. List the prime factors of t.
2
Let s = -407 + 638. What are the prime factors of s?
3, 7, 11
Let h(u) = u**2 + 7*u + 9. Let p be h(-6). Suppose -5*v + p = -12. Suppose 5*q - 129 = -v*c + c, -5*c = -3*q - 276. List the prime factors of c.
3, 19
Let f be (-183)/(-30) + 1/(-10). Suppose 48 - f = a. What are the prime factors of a?
2, 3, 7
List the prime factors of 2/(-11) - 10/((-880)/19816).
3, 5
Let f be 4/14 + (-4280)/(-14). Suppose -4*m = -m - f. List the prime factors of m.
2, 3, 17
Let l = -26 + 30. Suppose l*f + 0*v - 513 = 3*v, -v - 255 = -2*f. List the prime factors of f.
2, 3, 7
Suppose 0 = 2*s - 11 - 3. Suppose 4*f + s = 255. List the prime factors of f.
2, 31
Suppose 4*i = r + 10 + 7, 5*r - 25 = -2*i. Suppose 15*c - 16*c = -r. Suppose a + 4*a - 53 = -c*m, 0 = a - 1. What are the prime factors of m?
2
Let w be -292*6*3/36. Let j = 172 + w. What are the prime factors of j?
2, 13
Let s = 6899 + -4066. What are the prime factors of s?
2833
Suppose -15*s + 21764 + 496 = 0. List the prime factors of s.
2, 7, 53
Suppose 0 = 10*j - 23 - 137. Let i = 44 - j. List the prime factors of i.
2, 7
Suppose 5*p - 85 = 65. Let k = -35 - -20. Let i = k + p. What are the prime factors of i?
3, 5
List the prime factors of 107/(((-72)/40)/(-9)).
5, 107
Let d(a) = 12*a**2 + 7*a - 1. Let p be d(4). Let s = p - 143. List the prime factors of s.
2, 19
Let w = -2163 - -3221. What are the prime factors of w?
2, 23
Suppose 0 = 7*k - 3*k - 5*i + 77, 0 = -k + 4*i - 11. Let f be (6/3)/(2/(-11)). Let s = f - k. List the prime factors of s.
2, 3
Suppose 2*q + 4*t - 1020 = 0, 0*q - 1526 = -3*q - 4*t. What are the prime factors of q?
2, 11, 23
Suppose w - 4*n = -5, 3*n = 2*w - 0*w. Let u be 1/(2/74 + 0). Suppose 0 = -m + 3*h - 5 + u, -114 = -3*m + w*h. What are the prime factors of m?
41
Let u = 37 + -20. Let n = u - -2. List the prime factors of n.
19
Let r(i) = -13*i**3 - i**2 - 2*i - 2. Let c be r(-1). Let x be 5/(-20) - 357/c. Let g = x - -47. List the prime factors of g.
17
Let z be 11/3*(0 - -6). Let d = z + -95. Let p = -20 - d. List the prime factors of p.
53
Let c(b) = -2*b**3 - 30*b**2 + 11*b - 46. What are the prime factors of c(-16)?
2, 5, 29
Let w be 1/(-1) - 100/(-5). Suppose -4*i - 2*y = -w - 45, 3*y - 21 = -i. What are the prime factors of i?
3, 5
Let j = -119 - -354. Suppose 0 = 3*r + y + y - 125, 5*r - j = 2*y. List the prime factors of ((-16)/(-12))/(3/r).
2, 5
Let g(c) = -34*c - 4. Let i be g(1). Let h = i - -42. List the prime factors of h.
2
Let h = 5 + -9. Let x be 4/(h + 3 - -2). Let w(y) = -y**3 + 5*y**2. What are the prime factors of w(x)?
2
Let k be -2*12/(-40)*10. Let z(q) = q**3 + 4*q**2 - 5*q + 4. Let d be z(-5). Suppose 2*t = k*s - s - 135, -s = d*t - 49. What are the prime factors of s?
29
Let k = 5764 - 3046. List the prime factors of k.
2, 3, 151
Let h = 7 + 3. Let i = -4 + h. What are the prime factors of 20/(-30) + 70/i?
11
Let s(w) = w**3 - 22*w**2 - 27*w - 35. Let n be s(24). Suppose -10*m + 1241 = -n. What are the prime factors of m?
3, 19
Let j be (-1)/1 - (-2)/4*12. Let t(q) = 31*q + 11. List the prime factors of t(j).
2, 83
Let r be 8/28 - (-4)/(-14). Suppose r*s - 4 = -s. List the prime factors of 3*-11*(s - 5).
3, 11
Suppose 3*c - 157 - 11 = 0. What are the prime factors of c?
2, 7
List the prime factors of ((-12)/4)/((-24)/5248).
2, 41
Let c = 146 - 149. Let r(p) be the first derivative of -3*p**4/4 - p**3 - 3*p**2 - 6*p - 2. List the prime factors of r(c).
2, 3, 11
Let g(k) = -k**3 - k**2. Let p(x) = -2*x**3 + 5*x**2 + 2. Let i(h) = 3*g(h) - p(h). Let d be i(-8). List the prime factors of -14*(3 + 11/d).
5, 7
Let d = 491 + -274. Suppose 4*a - b = 419, -3*a - b = -a - d. What are the prime factors of a?
2, 53
Suppose -6 = 2*s - 24. Suppose -490 = -s*r + 617. What are the prime factors of r?
3, 41
Suppose -6*v + 5*v - 3 = 0. Let b be (-4 + -96)/(-4 - v). Suppose -b = d - 3*d. What are the prime factors of d?
2, 5
Let k(l) = 15*l + 2. Let o be k(4). Suppose 4*m + 5*u - 130 = -m, -3*m + u + o = 0. Suppose -m = -5*z - 3*x + 2*x, 15 = -5*x. What are the prime factors of z?
5
Let s(u) = u**3 + 28*u**2 - 20*u - 127. What are the prime factors of s(-28)?
433
Let l(a) = -2*a**3 - 2*a**2 + 3*a + 2. Let s be l(-2). Suppose -153 = -2*c + 3*u, -c - 4*u + 49 = -0*u. Suppose 0 = s*h + 1 - c. List the prime factors of h.
17
Let j be (96/(-9))/(-4)*39/(-26). List the prime factors of 30/(-45)*(1 + 1318/j).
3, 73
Let z(k) = -146*k - 188. What are the prime factors of z(-5)?
2, 271
Suppose 4*u - 5*m - 23 = 5*u, -m + 5 = 5*u. Suppose 0 = -a + u*o + 61, -3*o = -a + o + 53. List the prime factors of (5 + a)/(0 - -2).
37
Suppose 18 = 4*r + 5*r. Suppose -s = -n - 2 - 81, 0 = r*s - 5*n - 151. What are the prime factors of s?
2, 11
Suppose -6*x + 1281 = -651. What are the prime factors of x?
2, 7, 23
Let g = 2570 - 1833. What are the prime factors of g?
11, 67
Let s = 108 + -101. Let f(c) be the first derivative of 2*c**2 + 13*c - 1. List the prime factors of f(s).
41
Suppose -10449 + 2361 = -8*d. List the prime factors of d.
3, 337
Suppose -5*k + 0*k - 40 = 0. Let g(o) = -9*o - 21. What are the prime factors of g(k)?
3, 17
Suppose -z = -3*m + 9, z - m = -18 + 5. Let v be 2/2*(-20 - -1). Let r = z - v. What are the prime factors of r?
2
Let t(v) be the second derivative of v**3/6 + 21*v**2/2 - 32*v - 1. Let j = -14 + 6. List the prime factors of t(j).
13
Suppose 1267 = 4*i + 131. What are the prime factors of i?
2, 71
Suppose 0 = -2*f + 1 + 3. Suppose -5*m + 200 = -f*m - 5*y, 4*y = -4*m + 256. List the prime factors of m.
5, 13
Let f be (-1)/((1 + -5)/8). Suppose -3 = u - f. Let h = 27 + u. List the prime factors of h.
2, 13
Let y = -243 - -287. What are the prime factors of y?
2, 11
Let g(z) = 26*z. Let q be g(-5). Let x(o) = 7*o - 226. Let j be x(22). Let m = j - q. List the prime factors of m.
2, 29
